s 158 divide 211246?
True
Is 24 a factor of 10850?
False
Does 153 divide 288792?
False
Is 250 a factor of 1711703?
False
Does 466 divide 2355630?
True
Is 204540 a multiple of 42?
True
Does 450 divide 5076625?
False
Is 21 a factor of 177838?
False
Is 3837790 a multiple of 278?
True
Does 119 divide 244426?
True
Is 15 a factor of 178532?
False
Does 648 divide 810251?
False
Is 9 a factor of 1093230?
True
Is 176670 a multiple of 90?
True
Is 61568 a multiple of 104?
True
Is 220165 a multiple of 74?
False
Is 15 a factor of 618225?
True
Is 53 a factor of 55550?
False
Is 2577751 a multiple of 1001?
False
Does 17 divide 100855?
False
Is 2996114 a multiple of 34?
True
Is 8 a factor of 10131218?
False
Is 1411160 a multiple of 278?
False
Does 7 divide 11991?
True
Does 3 divide 78138?
True
Is 57 a factor of 500726?
False
Does 1126 divide 453778?
True
Is 4581478 a multiple of 334?
True
Does 23 divide 117018?
False
Is 473860 a multiple of 290?
True
Is 299264 a multiple of 8?
True
Is 9 a factor of 373846?
False
Is 2855349 a multiple of 9?
True
Does 324 divide 2056696?
False
Is 123 a factor of 381201?
False
Is 2068560 a multiple of 255?
True
Does 37 divide 753357?
True
Does 8 divide 267318?
False
Is 14 a factor of 969738?
True
Is 145983 a multiple of 47?
False
Is 67727 a multiple of 23?
False
Is 278 a factor of 480940?
True
Is 46 a factor of 655270?
True
Is 22 a factor of 618228?
False
Does 220 divide 15400?
True
Is 18 a factor of 277164?
True
Is 171355 a multiple of 5?
True
Is 147708 a multiple of 11?
True
Is 4 a factor of 7060?
True
Is 1876684 a multiple of 73?
True
Is 685650 a multiple of 86?
False
Is 22 a factor of 153252?
True
Is 256 a factor of 3280674?
False
Does 24 divide 11762355?
False
Is 364 a factor of 121940?
True
Does 122 divide 175678?
False
Is 92 a factor of 1943984?
False
Is 20 a factor of 11443451?
False
Does 291 divide 111453?
True
Is 421 a factor of 634868?
True
Is 179452 a multiple of 17?
True
Is 671 a factor of 11641886?
False
Is 882 a factor of 6150282?
False
Does 381 divide 70485?
True
Does 42 divide 234846?
False
Is 160708 a multiple of 2?
True
Is 325 a factor of 597033?
False
Is 21 a factor of 585749?
False
Is 1754788 a multiple of 257?
False
Is 348 a factor of 647628?
True
Is 13 a factor of 259612?
False
Is 682175 a multiple of 25?
True
Is 168705 a multiple of 3?
True
Is 53145 a multiple of 12?
False
Is 988 a factor of 3465790?
False
Is 383578 a multiple of 1344?
False
Does 129 divide 357072?
True
Is 65 a factor of 17360751?
False
Is 282 a factor of 175160?
False
Is 95 a factor of 24890?
True
Does 128 divide 1511680?
True
Is 72735 a multiple of 15?
True
Is 3182500 a multiple of 950?
True
Is 2 a factor of 15001?
False
Does 92 divide 79966?
False
Is 17 a factor of 70785?
False
Does 87 divide 437871?
True
Is 643 a factor of 4175542?
False
Is 18 a factor of 4879?
False
Is 1520204 a multiple of 28?
True
Does 403 divide 1777787?
False
Is 542 a factor of 8584796?
False
Does 18 divide 20999?
False
Does 27 divide 1851768?
True
Is 352 a factor of 341529?
False
Is 27 a factor of 3230739?
True
Does 22 divide 123640?
True
Does 56 divide 46256?
True
Is 454 a factor of 8830903?
False
Does 416 divide 6592276?
False
Does 74 divide 9778656?
True
Does 15 divide 283455?
True
Is 307802 a multiple of 3?
False
Does 49 divide 105595?
True
Is 13 a factor of 723093?
False
Is 136 a factor of 10296560?
True
Is 5 a factor of 27330?
True
Is 10 a factor of 231640?
True
Is 15 a factor of 1349858?
False
Does 40 divide 170760?
True
Is 27 a factor of 3279849?
False
Does 8 divide 2889640?
True
Is 644 a factor of 855232?
True
Does 7 divide 717012?
False
Does 31 divide 35362661?
True
Is 166736 a multiple of 17?
True
Is 513099 a multiple of 468?
False
Is 172 a factor of 134975?
False
Does 535 divide 847124?
False
Is 6888460 a multiple of 40?
False
Is 783990 a multiple of 45?
True
Is 6042707 a multiple of 267?
False
Does 29 divide 147668?
True
Is 4216227 a multiple of 75?
False
Does 8 divide 370192?
True
Is 1110721 a multiple of 69?
False
Is 12 a factor of 157009?
False
Is 81 a factor of 2662456?
False
Is 523419 a multiple of 6?
False
Is 616099 a multiple of 108?
False
Does 92 divide 4951440?
True
Is 6 a factor of 3879?
False
Does 2 divide 883253?
False
Does 375 divide 1518351?
False
Does 84 divide 3001381?
False
Does 16 divide 570672?
True
Does 324 divide 1754167?
False
Is 11 a factor of 113564?
True
Is 227 a factor of 79450?
True
Is 9925 even?
False
Is 2225 a factor of 20347354?
False
Is 152402 a multiple of 36?
False
Is 12 a factor of 5338407?
False
Does 8 divide 439648?
True
Does 520 divide 4335951?
False
Is 22 a factor of 1967299?
False
Is 928433 a multiple of 121?
True
Does 58 divide 52548?
True
Does 16 divide 13088?
True
Is 361548 a multiple of 242?
True
Is 19 a factor of 273898?
False
Does 11 divide 6267197?
False
Does 10 divide 176566?
False
Is 12 a factor of 320064?
True
Does 36 divide 216180?
True
Does 135 divide 292586?
False
Does 373 divide 274528?
True
Does 9 divide 1102110?
False
Does 207 divide 117160?
False
Is 743614 a multiple of 17?
True
Does 135 divide 95445?
True
Is 1157275 a multiple of 389?
True
Does 19 divide 772702?
False
Is 12 a factor of 9584?
False
Is 11 a factor of 7975869?
True
Does 79 divide 128454?
True
Is 122 a factor of 3100579?
False
Is 1300960 a multiple of 8?
True
Is 943320 a multiple of 21?
True
Is 1621685 a multiple of 97?
False
Is 171928 a multiple of 365?
False
Is 259 a factor of 135716?
True
Is 81 a factor of 51216?
False
Does 47 divide 24151?
False
Is 129 a factor of 141761?
False
Is 15 a factor of 47550?
True
Does 27 divide 132018?
False
Does 78 divide 59976?
False
Does 37 divide 265734?
True
Does 23 divide 11446617?
True
Does 6 divide 207804?
True
Does 17 divide 3968443?
False
Is 13250 a multiple of 20?
False
Does 98 divide 93628?
False
Is 12 a factor of 1531380?
True
Is 1334005 a multiple of 126?
False
Does 94 divide 2134546?
False
Is 625689 a multiple of 202?
False
Does 15 divide 609190?
False
Is 5882575 a multiple of 198?
False
Does 28 divide 48356?
True
Is 3608988 a multiple of 98?
False
Is 129287 a multiple of 6?
False
Is 2570100 a multiple of 260?
True
Is 1387 a factor of 8663303?
False
Does 5 divide 334327?
False
Does 57 divide 172824?
True
Does 129 divide 2939686?
False
Is 11375957 a multiple of 50?
False
Is 12 a factor of 9149?
False
Is 60 a factor of 330720?
True
Is 27 a factor of 25596?
True
Is 7187803 a multiple of 56?
False
Does 2 divide 49478?
True
Is 783636 a multiple of 228?
True
Is 1692270 a multiple of 95?
False
Does 854 divide 7613410?
True
Is 12636777 a multiple of 1334?
False
Is 1583330 a multiple of 33?
False
Does 120 divide 9000?
True
Does 16 divide 461344?
True
Is 16 a factor of 49027?
False
Is 12 a factor of 53135?
False
Does 332 divide 1040156?
True
Is 64 a factor of 1047436?
False
Is 14188317 a multiple of 132?
False
Is 3954055 a multiple of 1607?
False
Is 63 a factor of 193788?
True
Is 253 a factor of 33545?
False
Is 1972 a factor of 2865316?
True
Is 7 a factor of 2799419?
True
Is 42 a factor of 5342760?
False
Is 3064031 a multiple of 593?
True
Is 17 a factor of 96526?
True
Does 91 divide 3461549?
True
Is 274 a factor of 393308?
False
Is 2087116 a multiple of 36?
False
Is 109747 a multiple of 11?
True
Is 15 a factor of 26561310?
True
Does 16 divide 9152?
True
Does 105 divide 212590?
False
Does 10 divide 99230?
True
Does 207 divide 10955682?
True
Is 387 a factor of 315973?
False
Is 1899633 a multiple of 211?
True
Does 3 divide 55192?
False
Does 11 divide 2013406?
False
Is 8 a factor of 6525881?
False
Does 32 divide 79493?
False
Is 240 a factor of 1991280?
True
Is 23 a factor of 462921?
True
Does 22 divide 243452?
True
Is 29435 a multiple of 15?
False
Is 108 a factor of 49146?
False
Does 9 divide 50846?
False
Does 70 divide 42980?
True
Is 521393 a multiple of 482?
False
Does 141 divide 799425?
False
Is 4 a factor of 54370?
False
Is 274 a factor of 300304?
True
Does 45 divide 398779?
False
Is 25 a factor of 67680?
False
Is 45 a factor of 221513?
False
Is 391065 a multiple of 5?
True
Does 409 divide 6281777?
False
Is 607600 a multiple of 124?
True
Is 48498 a multiple of 137?
True
Is 150689 a multiple of 103?
True
Is 1245454 a multiple of 34?
True
Does 3 divide 191261?
False
Is 9 a factor of 239879?
Fa